nd 1040.
520
What is the highest common divisor of 9 and 86643?
9
Calculate the greatest common factor of 5605 and 406510.
295
Calculate the highest common factor of 78729 and 4075.
163
Calculate the greatest common divisor of 131769 and 704.
11
What is the highest common divisor of 19080 and 95040?
360
Calculate the greatest common divisor of 62077 and 184.
23
Calculate the greatest common factor of 1556 and 38.
2
What is the highest common factor of 60070 and 28?
2
Calculate the highest common factor of 9 and 2615751.
9
Calculate the highest common divisor of 431400 and 1500.
300
Calculate the greatest common factor of 5984 and 75548.
748
What is the greatest common divisor of 160030 and 104?
26
Calculate the greatest common divisor of 147820 and 1900.
380
Calculate the highest common divisor of 2354 and 2321.
11
Calculate the greatest common divisor of 35364 and 4284.
84
What is the highest common factor of 47 and 508775?
47
Calculate the highest common factor of 666 and 6313014.
666
Calculate the highest common factor of 589 and 608.
19
Calculate the greatest common factor of 37111 and 1184.
37
What is the greatest common factor of 22981 and 201?
67
Calculate the greatest common divisor of 152 and 4655.
19
Calculate the greatest common factor of 4623 and 5865.
69
Calculate the highest common divisor of 3450 and 14582.
46
Calculate the greatest common factor of 212 and 63494.
106
What is the highest common factor of 880 and 2960?
80
Calculate the greatest common divisor of 65429 and 637.
91
What is the highest common divisor of 1944 and 1752?
24
What is the highest common factor of 15380 and 1185?
5
What is the highest common factor of 105444 and 81?
9
Calculate the highest common divisor of 7332876 and 6.
6
What is the greatest common divisor of 468528 and 95340?
2724
What is the greatest common factor of 6351 and 696?
87
Calculate the highest common factor of 344260 and 60.
20
Calculate the highest common factor of 357 and 186711.
357
Calculate the highest common divisor of 7 and 1937152.
7
What is the highest common factor of 240 and 5808?
48
Calculate the greatest common divisor of 745894 and 1192.
298
Calculate the greatest common divisor of 1075 and 4275.
25
Calculate the greatest common divisor of 21719 and 20.
1
Calculate the greatest common divisor of 760 and 344.
8
Calculate the greatest common divisor of 30798 and 522.
522
Calculate the highest common divisor of 90 and 442665.
45
Calculate the highest common divisor of 59275 and 225.
25
Calculate the greatest common divisor of 3998835 and 171.
171
Calculate the highest common divisor of 4132 and 560.
4
What is the greatest common factor of 13233 and 33?
33
Calculate the highest common divisor of 15 and 40220.
5
Calculate the greatest common factor of 122 and 1881545.
61
What is the greatest common factor of 189 and 328563?
27
What is the greatest common divisor of 3400 and 14150?
50
What is the highest common factor of 4 and 69908?
4
Calculate the greatest common divisor of 72124 and 171.
19
What is the highest common divisor of 46574 and 262218?
638
What is the greatest common factor of 119772 and 12?
12
What is the highest common factor of 72 and 358902?
18
What is the highest common factor of 45 and 111390?
15
What is the highest common factor of 117 and 2067?
39
What is the greatest common divisor of 2268682 and 26?
26
Calculate the highest common divisor of 5423331 and 212.
53
What is the highest common divisor of 760 and 105925?
95
What is the greatest common factor of 1128611 and 37?
37
Calculate the highest common factor of 70 and 353570.
70
Calculate the greatest common factor of 50008 and 2527.
133
What is the greatest common divisor of 744 and 3813?
93
Calculate the greatest common factor of 11236 and 12879.
53
What is the greatest common factor of 2970 and 412290?
270
What is the highest common divisor of 10 and 81330?
10
What is the greatest common divisor of 2625 and 37375?
125
What is the highest common divisor of 552440 and 5040?
280
What is the highest common factor of 871 and 3563261?
871
Calculate the greatest common divisor of 182 and 3367.
91
Calculate the highest common divisor of 39 and 1122.
3
Calculate the greatest common factor of 65 and 35100.
65
Calculate the greatest common divisor of 34 and 15555.
17
Calculate the greatest common divisor of 443857 and 649.
59
Calculate the greatest common divisor of 155 and 36115.
155
Calculate the greatest common factor of 45948 and 84.
84
Calculate the highest common divisor of 20369 and 1.
1
What is the greatest common factor of 32 and 36256?
32
What is the highest common factor of 258726 and 93?
93
Calculate the highest common divisor of 336 and 10284.
12
What is the greatest common divisor of 633556 and 168?
28
What is the highest common factor of 362 and 100274?
362
Calculate the highest common factor of 604 and 1151526.
302
Calculate the highest common divisor of 1871241 and 34.
17
Calculate the greatest common factor of 83360 and 480.
160
Calculate the highest common factor of 5040 and 31815.
315
What is the highest common divisor of 330 and 25245?
165
What is the highest common divisor of 1067 and 5931453?
1067
Calculate the highest common factor of 2 and 2342.
2
What is the highest common factor of 48933 and 603?
9
What is the highest common divisor of 180 and 10215?
45
What is the greatest common factor of 772698 and 267?
267
Calculate the greatest common divisor of 4001 and 36.
1
Calculate the greatest common factor of 361 and 133.
19
Calculate the highest common factor of 188448 and 151.
151
What is the greatest common divisor of 117029 and 88?
11
Calculate the greatest common factor of 25 and 238475.
25
What is the greatest common divisor of 5270 and 1870?
170
What is the highest common divisor of 1225 and 94025?
25
Calculate the highest common factor of 26814 and 79134.
654
Calculate the highest common factor of 90016 and 290.
58
Calculate the highest common divisor of 1711 and 24737.
29
What is the greatest common divisor of 277334 and 276?
46
Calculate the greatest common divisor of 4990 and 2010.
10
What is the highest common factor of 44550 and 6966?
162
Calculate the greatest common divisor of 28118 and 2.
2
Calculate the greatest common divisor of 1875026 and 14032.
1754
Calculate the highest common divisor of 621287 and 331.
331
Calculate the highest common factor of 99448 and 4464.
248
What is the greatest common factor of 6 and 13252?
2
Calculate the greatest common divisor of 4350 and 1189.
29
Calculate the highest common divisor of 83638 and 152.
38
Calculate the highest common divisor of 60 and 13630260.
60
Calculate the highest common divisor of 25540 and 140.
20
Calculate the highest common factor of 595 and 1445.
85
What is the greatest common divisor of 91 and 4295837?
91
What is the greatest common factor of 3101 and 16391?
443
What is the greatest common factor of 2528 and 48?
16
Calculate the highest common factor of 349730 and 2050.
410
What is the greatest common divisor of 1018050 and 15?
15
What is the highest common factor of 2945 and 6365?
95
Calculate the greatest common divisor of 418 and 6842.
22
What is the greatest common divisor of 123721 and 589?
31
What is the highest common divisor of 317712 and 600?
24
What is the highest common divisor of 2934 and 102204?
18
Calculate the highest common factor of 2 and 149930.
2
Calculate the highest common factor of 14932 and 36.
4
Calculate the highest common divisor of 8 and 525482.
2
What is the greatest common divisor of 64 and 632?
8
What is the highest common factor of 5300 and 96460?
1060
Calculate the greatest common factor of 3440 and 10105.
215
Calculate the greatest common factor of 32160 and 30240.
480
Calculate the greatest common factor of 366747 and 903.
129
What is the highest common divisor of 58 and 470931?
29
Calculate the greatest common divisor of 18588 and 108.
12
Calculate the greatest common divisor of 100 and 73650.
50
What is the greatest common factor of 798 and 21052?
38
Calculate the greatest common divisor of 324614 and 505.
101
Calculate the highest common factor of 234 and 4667.
13
What is the highest common divisor of 598 and 16974?
46
Calculate the highest common divisor of 34 and 11010679.
17
